{"id":625,"date":"2020-08-23T16:23:31","date_gmt":"2020-08-23T14:23:31","guid":{"rendered":"http:\/\/krabonszcz.com\/?page_id=625"},"modified":"2026-04-01T14:21:07","modified_gmt":"2026-04-01T12:21:07","slug":"about-me","status":"publish","type":"page","link":"https:\/\/krabonszcz.com\/index.php\/about-me\/","title":{"rendered":"ABOUT ME"},"content":{"rendered":"\n<p><strong>Nikodem Szewczyk<\/strong>, born in 1994 in <strong>Pabianice<\/strong>. Ex indie game developer (creator of <a href=\"https:\/\/store.steampowered.com\/app\/315940\/Top_Hat\/?l=polish\" target=\"_blank\" rel=\"noreferrer noopener\"><strong>Top Hat<\/strong><\/a>, <strong><a href=\"https:\/\/store.steampowered.com\/app\/606190\/NighthawX3000\/\" target=\"_blank\" rel=\"noreferrer noopener\">NIGHTHAW-X3000 <\/a><\/strong>and Drunken Pistoletov). <br><br><strong>Currently my artworks are in 17 countries: Poland, Denmark, United States, Slovenia, Sweden, Netherlands, England, Scotland, Canada, Germany, Norway, Australia, Switzerland, France, Ireland, Belgium and Spain.<\/strong><\/p>\n\n\n\n<p><strong>Exhibitions:<\/strong><br>\u2022 <strong>11.03.2018<\/strong> &#8211; Art Fresh Festival 9, Sheraton Hotel, Warsaw, <strong>Poland<\/strong><br>\u2022 <strong>15.04-29.04.2019<\/strong> &#8211; <strong>Solo exhibition<\/strong>, Si Restaurant, Warsaw, <strong>Poland<\/strong><br>\u2022 <strong>06.07.2019<\/strong>, Art of Scotland, Gallery of Modern Art, Glasgow, <strong>Scotland<\/strong><br>\u2022 <strong>31.07-14.08.2019<\/strong> &#8211; <strong>Solo exhibition<\/strong>, Secado Restaurant, Warsaw, <strong>Poland<\/strong><br>\u2022 <strong>09.08-26.08.2019<\/strong>, EROTICA, Blank Space gallery, Oslo, <strong>Norway<\/strong><br>\u2022 <strong>16.11.2019<\/strong>, Tea Green, Kibble Palace, Glasgow, <strong>Scotland<\/strong><br>\u2022 <strong>10.12.2021,<\/strong> <strong>Solo exhibition<\/strong>, OOMPH Apartments and Krabonszcz, Warsaw, <strong>Poland<\/strong><br>\u2022<strong> 06.11.2022<\/strong>, <strong>Solo exhibition<\/strong>, Samo Centrum Wszech\u015bwiata X Krabonszcz, Warsaw, <strong>Poland<\/strong><br>\u2022 <strong>19.11.2024, Solo exhibition<\/strong>, Larte x Krabonszcz, Warsaw, <strong>Poland<\/strong><br><\/p>\n\n\n\n<p><strong>Bigger collabs and events:<\/strong><br>\u2022 <strong><a href=\"https:\/\/www.lech.pl\/age-verification\" target=\"_blank\" rel=\"noreferrer noopener\">LECH Music<\/a><\/strong>, a beer company, 2020, I&#8217;ve designed unique festival T-Shirt, made in 1500 pieces and started the whole event.<br>\u2022 <strong><a href=\"https:\/\/wearmedicine.com\/\" target=\"_blank\" rel=\"noreferrer noopener\">MEDICINE EVERYDAY THERAPY<\/a><\/strong>, <strong>own clothing collection <\/strong>(t-shirts, shirt and skirt) sold in Poland and couple of countries outside.<br>\u2022 <a href=\"https:\/\/www.happysad.art.pl\" target=\"_blank\" rel=\"noreferrer noopener\"><strong>Happysad<\/strong> <\/a>&#8211; &#8222;Odrzutowce i Kowery &#8222;album cover (20yrs of the band), CD + Vinyl and visual concert stage design.<br>\u2022 <strong><a href=\"https:\/\/pihszou.pl\/\">PIH Ci\u0119\u017ckie jest \u017cycie grzesznika<\/a> <\/strong>EP album cover, CD + casette.<br>\u2022 <strong><a href=\"https:\/\/pihszou.pl\/\">PIH Nie Ma Miejsca Jak Dom <\/a><\/strong>(20yrs anniversary) album cover, CD + casette.<br>\u2022 Collaboration with <a href=\"https:\/\/munopuzzle.com\/\"><strong>Muno Puzzle<\/strong><\/a>, releasing <strong>my own limited edition puzzles<\/strong>, twice.<br>\u2022 <strong><a href=\"https:\/\/wearmedicine.com\/c\/on\">MEDICINE EVERYDAY THERAPY<\/a><\/strong>&#8222;, <strong>second collaboration, own clothing collection <\/strong>(t-shirts, shirts, skirts, shorts and underwear) from &#8222;Grafika Polska&#8221; collection.<br>\u2022 I&#8217;ve made a poster about my city <strong>Pabianice<\/strong>, which was noticed by huge amount of people, as well with the city hall. It has started a contest in which you could win it, <strong>contest was made by the city hall which proposed <\/strong>it. <strong>Posters were then given to the winners by the president of the city. <\/strong><\/p>\n\n\n\n<p><strong>Other:<\/strong><br>\u2022 15.04.2018, Interview at <strong>Polish Radio &#8222;Czw\u00f3rka&#8221;<\/strong><br>\u2022 31.07.2020, Interview at &#8222;<strong><a href=\"https:\/\/newonce.net\/\" target=\"_blank\" rel=\"noreferrer noopener\">NEWONCE<\/a><\/strong>&#8221; Radio<br>\u2022 Cultural partner of &#8222;<strong>Manufaktura Kultury ESN SGH<\/strong>&#8222;<br>\u2022 17.01.2021, Interview at <strong>Polish Radio &#8222;Czw\u00f3rka&#8221;<\/strong><br>\u2022 01.10.2021, Interview at <strong>Polish Radio &#8222;Czw\u00f3rka&#8221;<\/strong><br>\u2022 07.10.2021, Interview at <a href=\"https:\/\/open.spotify.com\/show\/6IewcAOUxC4AalKryKTrJf\" target=\"_blank\" rel=\"noreferrer noopener\"><strong>Konikreatywny<\/strong> <\/a>(podcast on spotify)<br>\u2022 27.11.2022, Interview at <strong>Polish Radio &#8222;Czw\u00f3rka&#8221;<\/strong><br>\u202212.2024, Interview at <strong>Polish Radio &#8222;Nowy \u015awiat&#8221;<\/strong><\/p>\n\n\n\n<p><\/p>\n","protected":false},"excerpt":{"rendered":"<p>Nikodem Szewczyk, born in 1994 in Pabianice. Ex indie game developer (creator of Top Hat, NIGHTHAW-X3000 and Drunken Pistoletov). Currently [&hellip;]<\/p>\n","protected":false},"author":1,"featured_media":0,"parent":0,"menu_order":0,"comment_status":"closed","ping_status":"closed","template":"","meta":{"site-sidebar-layout":"default","site-content-layout":"","ast-site-content-layout":"default","site-content-style":"default","site-sidebar-style":"default","ast-global-header-display":"","ast-banner-title-visibility":"","ast-main-header-display":"","ast-hfb-above-header-display":"","ast-hfb-below-header-display":"","ast-hfb-mobile-header-display":"","site-post-title":"","ast-breadcrumbs-content":"","ast-featured-img":"","footer-sml-layout":"","ast-disable-related-posts":"","theme-transparent-header-meta":"","adv-header-id-meta":"","stick-header-meta":"","header-above-stick-meta":"","header-main-stick-meta":"","header-below-stick-meta":"","astra-migrate-meta-layouts":"default","ast-page-background-enabled":"default","ast-page-background-meta":{"desktop":{"background-color":"var(--ast-global-color-5)","background-image":"","background-repeat":"repeat","background-position":"center center","background-size":"auto","background-attachment":"scroll","background-type":"","background-media":"","overlay-type":"","overlay-color":"","overlay-opacity":"","overlay-gradient":""},"tablet":{"background-color":"","background-image":"","background-repeat":"repeat","background-position":"center center","background-size":"auto","background-attachment":"scroll","background-type":"","background-media":"","overlay-type":"","overlay-color":"","overlay-opacity":"","overlay-gradient":""},"mobile":{"background-color":"","background-image":"","background-repeat":"repeat","background-position":"center center","background-size":"auto","background-attachment":"scroll","background-type":"","background-media":"","overlay-type":"","overlay-color":"","overlay-opacity":"","overlay-gradient":""}},"ast-content-background-meta":{"desktop":{"background-color":"var(--ast-global-color-4)","background-image":"","background-repeat":"repeat","background-position":"center center","background-size":"auto","background-attachment":"scroll","background-type":"","background-media":"","overlay-type":"","overlay-color":"","overlay-opacity":"","overlay-gradient":""},"tablet":{"background-color":"var(--ast-global-color-4)","background-image":"","background-repeat":"repeat","background-position":"center center","background-size":"auto","background-attachment":"scroll","background-type":"","background-media":"","overlay-type":"","overlay-color":"","overlay-opacity":"","overlay-gradient":""},"mobile":{"background-color":"var(--ast-global-color-4)","background-image":"","background-repeat":"repeat","background-position":"center center","background-size":"auto","background-attachment":"scroll","background-type":"","background-media":"","overlay-type":"","overlay-color":"","overlay-opacity":"","overlay-gradient":""}},"footnotes":""},"class_list":["post-625","page","type-page","status-publish","hentry"],"yoast_head":"<!-- This site is optimized with the Yoast SEO plugin v26.8 - https:\/\/yoast.com\/product\/yoast-seo-wordpress\/ -->\n<title>ABOUT ME -<\/title>\n<meta name=\"robots\" content=\"index, follow, max-snippet:-1, max-image-preview:large, max-video-preview:-1\" \/>\n<link rel=\"canonical\" href=\"https:\/\/krabonszcz.com\/index.php\/about-me\/\" \/>\n<meta property=\"og:locale\" content=\"pl_PL\" \/>\n<meta property=\"og:type\" content=\"article\" \/>\n<meta property=\"og:title\" content=\"ABOUT ME -\" \/>\n<meta property=\"og:description\" content=\"Nikodem Szewczyk, born in 1994 in Pabianice. Ex indie game developer (creator of Top Hat, NIGHTHAW-X3000 and Drunken Pistoletov). Currently [&hellip;]\" \/>\n<meta property=\"og:url\" content=\"https:\/\/krabonszcz.com\/index.php\/about-me\/\" \/>\n<meta property=\"article:modified_time\" content=\"2026-04-01T12:21:07+00:00\" \/>\n<meta name=\"twitter:card\" content=\"summary_large_image\" \/>\n<meta name=\"twitter:label1\" content=\"Szacowany czas czytania\" \/>\n\t<meta name=\"twitter:data1\" content=\"3 minuty\" \/>\n<script type=\"application\/ld+json\" class=\"yoast-schema-graph\">{\"@context\":\"https:\/\/schema.org\",\"@graph\":[{\"@type\":\"WebPage\",\"@id\":\"https:\/\/krabonszcz.com\/index.php\/about-me\/\",\"url\":\"https:\/\/krabonszcz.com\/index.php\/about-me\/\",\"name\":\"ABOUT ME -\",\"isPartOf\":{\"@id\":\"https:\/\/krabonszcz.com\/#website\"},\"datePublished\":\"2020-08-23T14:23:31+00:00\",\"dateModified\":\"2026-04-01T12:21:07+00:00\",\"breadcrumb\":{\"@id\":\"https:\/\/krabonszcz.com\/index.php\/about-me\/#breadcrumb\"},\"inLanguage\":\"pl-PL\",\"potentialAction\":[{\"@type\":\"ReadAction\",\"target\":[\"https:\/\/krabonszcz.com\/index.php\/about-me\/\"]}]},{\"@type\":\"BreadcrumbList\",\"@id\":\"https:\/\/krabonszcz.com\/index.php\/about-me\/#breadcrumb\",\"itemListElement\":[{\"@type\":\"ListItem\",\"position\":1,\"name\":\"Home\",\"item\":\"https:\/\/krabonszcz.com\/\"},{\"@type\":\"ListItem\",\"position\":2,\"name\":\"ABOUT ME\"}]},{\"@type\":\"WebSite\",\"@id\":\"https:\/\/krabonszcz.com\/#website\",\"url\":\"https:\/\/krabonszcz.com\/\",\"name\":\"krabonszcz.com - obraz i plakaty do Twojego wn\u0119trza\",\"description\":\"\",\"publisher\":{\"@id\":\"https:\/\/krabonszcz.com\/#\/schema\/person\/6f46b30acd87d871e0288d672d4e4734\"},\"potentialAction\":[{\"@type\":\"SearchAction\",\"target\":{\"@type\":\"EntryPoint\",\"urlTemplate\":\"https:\/\/krabonszcz.com\/?s={search_term_string}\"},\"query-input\":{\"@type\":\"PropertyValueSpecification\",\"valueRequired\":true,\"valueName\":\"search_term_string\"}}],\"inLanguage\":\"pl-PL\"},{\"@type\":[\"Person\",\"Organization\"],\"@id\":\"https:\/\/krabonszcz.com\/#\/schema\/person\/6f46b30acd87d871e0288d672d4e4734\",\"name\":\"krabonszcz\",\"image\":{\"@type\":\"ImageObject\",\"inLanguage\":\"pl-PL\",\"@id\":\"https:\/\/krabonszcz.com\/#\/schema\/person\/image\/\",\"url\":\"https:\/\/krabonszcz.com\/wp-content\/uploads\/2025\/12\/cropped-Krabonszcz_Logo-2025-czarne-copy-scaled-1.png\",\"contentUrl\":\"https:\/\/krabonszcz.com\/wp-content\/uploads\/2025\/12\/cropped-Krabonszcz_Logo-2025-czarne-copy-scaled-1.png\",\"width\":2559,\"height\":988,\"caption\":\"krabonszcz\"},\"logo\":{\"@id\":\"https:\/\/krabonszcz.com\/#\/schema\/person\/image\/\"}}]}<\/script>\n<!-- \/ Yoast SEO plugin. -->","yoast_head_json":{"title":"ABOUT ME -","robots":{"index":"index","follow":"follow","max-snippet":"max-snippet:-1","max-image-preview":"max-image-preview:large","max-video-preview":"max-video-preview:-1"},"canonical":"https:\/\/krabonszcz.com\/index.php\/about-me\/","og_locale":"pl_PL","og_type":"article","og_title":"ABOUT ME -","og_description":"Nikodem Szewczyk, born in 1994 in Pabianice. Ex indie game developer (creator of Top Hat, NIGHTHAW-X3000 and Drunken Pistoletov). Currently [&hellip;]","og_url":"https:\/\/krabonszcz.com\/index.php\/about-me\/","article_modified_time":"2026-04-01T12:21:07+00:00","twitter_card":"summary_large_image","twitter_misc":{"Szacowany czas czytania":"3 minuty"},"schema":{"@context":"https:\/\/schema.org","@graph":[{"@type":"WebPage","@id":"https:\/\/krabonszcz.com\/index.php\/about-me\/","url":"https:\/\/krabonszcz.com\/index.php\/about-me\/","name":"ABOUT ME -","isPartOf":{"@id":"https:\/\/krabonszcz.com\/#website"},"datePublished":"2020-08-23T14:23:31+00:00","dateModified":"2026-04-01T12:21:07+00:00","breadcrumb":{"@id":"https:\/\/krabonszcz.com\/index.php\/about-me\/#breadcrumb"},"inLanguage":"pl-PL","potentialAction":[{"@type":"ReadAction","target":["https:\/\/krabonszcz.com\/index.php\/about-me\/"]}]},{"@type":"BreadcrumbList","@id":"https:\/\/krabonszcz.com\/index.php\/about-me\/#breadcrumb","itemListElement":[{"@type":"ListItem","position":1,"name":"Home","item":"https:\/\/krabonszcz.com\/"},{"@type":"ListItem","position":2,"name":"ABOUT ME"}]},{"@type":"WebSite","@id":"https:\/\/krabonszcz.com\/#website","url":"https:\/\/krabonszcz.com\/","name":"krabonszcz.com - obraz i plakaty do Twojego wn\u0119trza","description":"","publisher":{"@id":"https:\/\/krabonszcz.com\/#\/schema\/person\/6f46b30acd87d871e0288d672d4e4734"},"potentialAction":[{"@type":"SearchAction","target":{"@type":"EntryPoint","urlTemplate":"https:\/\/krabonszcz.com\/?s={search_term_string}"},"query-input":{"@type":"PropertyValueSpecification","valueRequired":true,"valueName":"search_term_string"}}],"inLanguage":"pl-PL"},{"@type":["Person","Organization"],"@id":"https:\/\/krabonszcz.com\/#\/schema\/person\/6f46b30acd87d871e0288d672d4e4734","name":"krabonszcz","image":{"@type":"ImageObject","inLanguage":"pl-PL","@id":"https:\/\/krabonszcz.com\/#\/schema\/person\/image\/","url":"https:\/\/krabonszcz.com\/wp-content\/uploads\/2025\/12\/cropped-Krabonszcz_Logo-2025-czarne-copy-scaled-1.png","contentUrl":"https:\/\/krabonszcz.com\/wp-content\/uploads\/2025\/12\/cropped-Krabonszcz_Logo-2025-czarne-copy-scaled-1.png","width":2559,"height":988,"caption":"krabonszcz"},"logo":{"@id":"https:\/\/krabonszcz.com\/#\/schema\/person\/image\/"}}]}},"_links":{"self":[{"href":"https:\/\/krabonszcz.com\/index.php\/wp-json\/wp\/v2\/pages\/625","targetHints":{"allow":["GET"]}}],"collection":[{"href":"https:\/\/krabonszcz.com\/index.php\/wp-json\/wp\/v2\/pages"}],"about":[{"href":"https:\/\/krabonszcz.com\/index.php\/wp-json\/wp\/v2\/types\/page"}],"author":[{"embeddable":true,"href":"https:\/\/krabonszcz.com\/index.php\/wp-json\/wp\/v2\/users\/1"}],"replies":[{"embeddable":true,"href":"https:\/\/krabonszcz.com\/index.php\/wp-json\/wp\/v2\/comments?post=625"}],"version-history":[{"count":79,"href":"https:\/\/krabonszcz.com\/index.php\/wp-json\/wp\/v2\/pages\/625\/revisions"}],"predecessor-version":[{"id":5703,"href":"https:\/\/krabonszcz.com\/index.php\/wp-json\/wp\/v2\/pages\/625\/revisions\/5703"}],"wp:attachment":[{"href":"https:\/\/krabonszcz.com\/index.php\/wp-json\/wp\/v2\/media?parent=625"}],"curies":[{"name":"wp","href":"https:\/\/api.w.org\/{rel}","templated":true}]}}