{"id":2028,"date":"2021-09-28T15:28:32","date_gmt":"2021-09-28T13:28:32","guid":{"rendered":"https:\/\/krabonszcz.com\/?post_type=product&#038;p=2028"},"modified":"2025-05-23T22:33:41","modified_gmt":"2025-05-23T20:33:41","slug":"n029-touch-poster","status":"publish","type":"product","link":"https:\/\/krabonszcz.com\/index.php\/produkt\/n029-touch-poster\/","title":{"rendered":"N029 Touch \/ Poster"},"content":{"rendered":"","protected":false},"excerpt":{"rendered":"<p>Plakaty drukowane s\u0105 na wysokiej jako\u015bci satynowym papierze <strong>fotograficznym <\/strong>o gramaturze<strong> 260g\/m2. <\/strong>Papier fotograficzny wyr\u00f3\u017cnia si\u0119 od zwyk\u0142ych wydruk\u00f3w <strong>specjaln\u0105 pow\u0142ok\u0105 atramentow\u0105<\/strong> kt\u00f3ra zapewnia jeszcze lepsz\u0105 jako\u015b\u0107 wydruku. M\u00f3wi\u0105c w skr\u00f3cie &#8211; <strong>moje plakaty s\u0105 grubsze, solidne i o \u015bwietnych kolorach. <\/strong>\ud83d\ude42 Plakaty wysy\u0142ane s\u0105 <strong>kurierem<\/strong>, zapakowane w <strong>solidn\u0105 tub\u0119<\/strong> kt\u00f3ra doskonale zabezpiecza je do podr\u00f3\u017cy. Ka\u017cdy plakat to <strong>edycja limitowana<\/strong>, <strong>maksymalnie 50 sztuk.<\/strong><\/p>\n<p>EN: <span class=\"HwtZe\" lang=\"en\"><span class=\"jCAhz ChMk0b\"><span class=\"ryNqvb\">Posters are printed on <strong>high-quality satin 260g\/m2 photographic<\/strong> paper.<\/span><\/span> <span class=\"jCAhz ChMk0b\"><span class=\"ryNqvb\">Photographic paper stands out from ordinary prints with a <strong>special ink coating that provides even better print quality<\/strong>.<\/span><\/span> <span class=\"jCAhz ChMk0b\"><span class=\"ryNqvb\">In short &#8211; <strong>my posters are thicker, solid and have great colors.<\/strong><\/span><\/span> <span class=\"jCAhz ChMk0b\"><span class=\"ryNqvb\">\ud83d\ude42 Posters are sent by <strong>courier<\/strong>, packed in a <strong>solid tube<\/strong> that perfectly protects them for travel. Every poster is <strong>limited to 50 copies<\/strong>.<\/span><\/span><\/span><\/p>\n","protected":false},"featured_media":1598,"comment_status":"closed","ping_status":"closed","template":"","meta":{"site-sidebar-layout":"default","site-content-layout":"","ast-site-content-layout":"default","site-content-style":"default","site-sidebar-style":"default","ast-global-header-display":"","ast-banner-title-visibility":"","ast-main-header-display":"","ast-hfb-above-header-display":"","ast-hfb-below-header-display":"","ast-hfb-mobile-header-display":"","site-post-title":"","ast-breadcrumbs-content":"","ast-featured-img":"","footer-sml-layout":"","ast-disable-related-posts":"","theme-transparent-header-meta":"","adv-header-id-meta":"","stick-header-meta":"","header-above-stick-meta":"","header-main-stick-meta":"","header-below-stick-meta":"","astra-migrate-meta-layouts":"default","ast-page-background-enabled":"default","ast-page-background-meta":{"desktop":{"background-color":"var(--ast-global-color-5)","background-image":"","background-repeat":"repeat","background-position":"center center","background-size":"auto","background-attachment":"scroll","background-type":"","background-media":"","overlay-type":"","overlay-color":"","overlay-opacity":"","overlay-gradient":""},"tablet":{"background-color":"","background-image":"","background-repeat":"repeat","background-position":"center center","background-size":"auto","background-attachment":"scroll","background-type":"","background-media":"","overlay-type":"","overlay-color":"","overlay-opacity":"","overlay-gradient":""},"mobile":{"background-color":"","background-image":"","background-repeat":"repeat","background-position":"center center","background-size":"auto","background-attachment":"scroll","background-type":"","background-media":"","overlay-type":"","overlay-color":"","overlay-opacity":"","overlay-gradient":""}},"ast-content-background-meta":{"desktop":{"background-color":"var(--ast-global-color-4)","background-image":"","background-repeat":"repeat","background-position":"center center","background-size":"auto","background-attachment":"scroll","background-type":"","background-media":"","overlay-type":"","overlay-color":"","overlay-opacity":"","overlay-gradient":""},"tablet":{"background-color":"var(--ast-global-color-4)","background-image":"","background-repeat":"repeat","background-position":"center center","background-size":"auto","background-attachment":"scroll","background-type":"","background-media":"","overlay-type":"","overlay-color":"","overlay-opacity":"","overlay-gradient":""},"mobile":{"background-color":"var(--ast-global-color-4)","background-image":"","background-repeat":"repeat","background-position":"center center","background-size":"auto","background-attachment":"scroll","background-type":"","background-media":"","overlay-type":"","overlay-color":"","overlay-opacity":"","overlay-gradient":""}},"_glsr_average":0,"_glsr_ranking":0,"_glsr_reviews":0},"product_brand":[],"product_cat":[59,51,58],"product_tag":[],"class_list":{"0":"post-2028","1":"product","2":"type-product","3":"status-publish","4":"has-post-thumbnail","6":"product_cat-geometrical","7":"product_cat-posters","8":"product_cat-sensual","9":"desktop-align-center","10":"tablet-align-center","11":"mobile-align-center","13":"first","14":"instock","15":"purchasable","16":"product-type-variable"},"yoast_head":"<!-- This site is optimized with the Yoast SEO plugin v26.8 - https:\/\/yoast.com\/product\/yoast-seo-wordpress\/ -->\n<title>N029 Touch \/ Poster -<\/title>\n<meta name=\"robots\" content=\"index, follow, max-snippet:-1, max-image-preview:large, max-video-preview:-1\" \/>\n<link rel=\"canonical\" href=\"https:\/\/krabonszcz.com\/index.php\/produkt\/n029-touch-poster\/\" \/>\n<meta property=\"og:locale\" content=\"pl_PL\" \/>\n<meta property=\"og:type\" content=\"article\" \/>\n<meta property=\"og:title\" content=\"N029 Touch \/ Poster -\" \/>\n<meta property=\"og:description\" content=\"Plakaty drukowane s\u0105 na wysokiej jako\u015bci satynowym papierze fotograficznym o gramaturze 260g\/m2. Papier fotograficzny wyr\u00f3\u017cnia si\u0119 od zwyk\u0142ych wydruk\u00f3w specjaln\u0105 pow\u0142ok\u0105 atramentow\u0105 kt\u00f3ra zapewnia jeszcze lepsz\u0105 jako\u015b\u0107 wydruku. M\u00f3wi\u0105c w skr\u00f3cie - moje plakaty s\u0105 grubsze, solidne i o \u015bwietnych kolorach. :) Plakaty wysy\u0142ane s\u0105 kurierem, zapakowane w solidn\u0105 tub\u0119 kt\u00f3ra doskonale zabezpiecza je do podr\u00f3\u017cy. Ka\u017cdy plakat to edycja limitowana, maksymalnie 50 sztuk.  EN: Posters are printed on high-quality satin 260g\/m2 photographic paper. Photographic paper stands out from ordinary prints with a special ink coating that provides even better print quality. In short - my posters are thicker, solid and have great colors. :) Posters are sent by courier, packed in a solid tube that perfectly protects them for travel. Every poster is limited to 50 copies.\" \/>\n<meta property=\"og:url\" content=\"https:\/\/krabonszcz.com\/index.php\/produkt\/n029-touch-poster\/\" \/>\n<meta property=\"article:modified_time\" content=\"2025-05-23T20:33:41+00:00\" \/>\n<meta property=\"og:image\" content=\"https:\/\/krabonszcz.com\/wp-content\/uploads\/2021\/09\/touch5.jpg\" \/>\n\t<meta property=\"og:image:width\" content=\"1417\" \/>\n\t<meta property=\"og:image:height\" content=\"1417\" \/>\n\t<meta property=\"og:image:type\" content=\"image\/jpeg\" \/>\n<meta name=\"twitter:card\" content=\"summary_large_image\" \/>\n<meta name=\"twitter:label1\" content=\"Szacowany czas czytania\" \/>\n\t<meta name=\"twitter:data1\" content=\"1 minuta\" \/>\n<script type=\"application\/ld+json\" class=\"yoast-schema-graph\">{\"@context\":\"https:\/\/schema.org\",\"@graph\":[{\"@type\":\"WebPage\",\"@id\":\"https:\/\/krabonszcz.com\/index.php\/produkt\/n029-touch-poster\/\",\"url\":\"https:\/\/krabonszcz.com\/index.php\/produkt\/n029-touch-poster\/\",\"name\":\"N029 Touch \/ Poster -\",\"isPartOf\":{\"@id\":\"https:\/\/krabonszcz.com\/#website\"},\"primaryImageOfPage\":{\"@id\":\"https:\/\/krabonszcz.com\/index.php\/produkt\/n029-touch-poster\/#primaryimage\"},\"image\":{\"@id\":\"https:\/\/krabonszcz.com\/index.php\/produkt\/n029-touch-poster\/#primaryimage\"},\"thumbnailUrl\":\"https:\/\/krabonszcz.com\/wp-content\/uploads\/2021\/09\/touch5.jpg\",\"datePublished\":\"2021-09-28T13:28:32+00:00\",\"dateModified\":\"2025-05-23T20:33:41+00:00\",\"breadcrumb\":{\"@id\":\"https:\/\/krabonszcz.com\/index.php\/produkt\/n029-touch-poster\/#breadcrumb\"},\"inLanguage\":\"pl-PL\",\"potentialAction\":[{\"@type\":\"ReadAction\",\"target\":[\"https:\/\/krabonszcz.com\/index.php\/produkt\/n029-touch-poster\/\"]}]},{\"@type\":\"ImageObject\",\"inLanguage\":\"pl-PL\",\"@id\":\"https:\/\/krabonszcz.com\/index.php\/produkt\/n029-touch-poster\/#primaryimage\",\"url\":\"https:\/\/krabonszcz.com\/wp-content\/uploads\/2021\/09\/touch5.jpg\",\"contentUrl\":\"https:\/\/krabonszcz.com\/wp-content\/uploads\/2021\/09\/touch5.jpg\",\"width\":1417,\"height\":1417},{\"@type\":\"BreadcrumbList\",\"@id\":\"https:\/\/krabonszcz.com\/index.php\/produkt\/n029-touch-poster\/#breadcrumb\",\"itemListElement\":[{\"@type\":\"ListItem\",\"position\":1,\"name\":\"Home\",\"item\":\"https:\/\/krabonszcz.com\/\"},{\"@type\":\"ListItem\",\"position\":2,\"name\":\"STORE\",\"item\":\"https:\/\/krabonszcz.com\/index.php\/store\/\"},{\"@type\":\"ListItem\",\"position\":3,\"name\":\"N029 Touch \/ Poster\"}]},{\"@type\":\"WebSite\",\"@id\":\"https:\/\/krabonszcz.com\/#website\",\"url\":\"https:\/\/krabonszcz.com\/\",\"name\":\"krabonszcz.com - obraz i plakaty do Twojego wn\u0119trza\",\"description\":\"\",\"publisher\":{\"@id\":\"https:\/\/krabonszcz.com\/#\/schema\/person\/6f46b30acd87d871e0288d672d4e4734\"},\"potentialAction\":[{\"@type\":\"SearchAction\",\"target\":{\"@type\":\"EntryPoint\",\"urlTemplate\":\"https:\/\/krabonszcz.com\/?s={search_term_string}\"},\"query-input\":{\"@type\":\"PropertyValueSpecification\",\"valueRequired\":true,\"valueName\":\"search_term_string\"}}],\"inLanguage\":\"pl-PL\"},{\"@type\":[\"Person\",\"Organization\"],\"@id\":\"https:\/\/krabonszcz.com\/#\/schema\/person\/6f46b30acd87d871e0288d672d4e4734\",\"name\":\"krabonszcz\",\"image\":{\"@type\":\"ImageObject\",\"inLanguage\":\"pl-PL\",\"@id\":\"https:\/\/krabonszcz.com\/#\/schema\/person\/image\/\",\"url\":\"https:\/\/krabonszcz.com\/wp-content\/uploads\/2025\/12\/cropped-Krabonszcz_Logo-2025-czarne-copy-scaled-1.png\",\"contentUrl\":\"https:\/\/krabonszcz.com\/wp-content\/uploads\/2025\/12\/cropped-Krabonszcz_Logo-2025-czarne-copy-scaled-1.png\",\"width\":2559,\"height\":988,\"caption\":\"krabonszcz\"},\"logo\":{\"@id\":\"https:\/\/krabonszcz.com\/#\/schema\/person\/image\/\"}}]}<\/script>\n<!-- \/ Yoast SEO plugin. -->","yoast_head_json":{"title":"N029 Touch \/ Poster -","robots":{"index":"index","follow":"follow","max-snippet":"max-snippet:-1","max-image-preview":"max-image-preview:large","max-video-preview":"max-video-preview:-1"},"canonical":"https:\/\/krabonszcz.com\/index.php\/produkt\/n029-touch-poster\/","og_locale":"pl_PL","og_type":"article","og_title":"N029 Touch \/ Poster -","og_description":"Plakaty drukowane s\u0105 na wysokiej jako\u015bci satynowym papierze fotograficznym o gramaturze 260g\/m2. Papier fotograficzny wyr\u00f3\u017cnia si\u0119 od zwyk\u0142ych wydruk\u00f3w specjaln\u0105 pow\u0142ok\u0105 atramentow\u0105 kt\u00f3ra zapewnia jeszcze lepsz\u0105 jako\u015b\u0107 wydruku. M\u00f3wi\u0105c w skr\u00f3cie - moje plakaty s\u0105 grubsze, solidne i o \u015bwietnych kolorach. :) Plakaty wysy\u0142ane s\u0105 kurierem, zapakowane w solidn\u0105 tub\u0119 kt\u00f3ra doskonale zabezpiecza je do podr\u00f3\u017cy. Ka\u017cdy plakat to edycja limitowana, maksymalnie 50 sztuk.  EN: Posters are printed on high-quality satin 260g\/m2 photographic paper. Photographic paper stands out from ordinary prints with a special ink coating that provides even better print quality. In short - my posters are thicker, solid and have great colors. :) Posters are sent by courier, packed in a solid tube that perfectly protects them for travel. Every poster is limited to 50 copies.","og_url":"https:\/\/krabonszcz.com\/index.php\/produkt\/n029-touch-poster\/","article_modified_time":"2025-05-23T20:33:41+00:00","og_image":[{"width":1417,"height":1417,"url":"https:\/\/krabonszcz.com\/wp-content\/uploads\/2021\/09\/touch5.jpg","type":"image\/jpeg"}],"twitter_card":"summary_large_image","twitter_misc":{"Szacowany czas czytania":"1 minuta"},"schema":{"@context":"https:\/\/schema.org","@graph":[{"@type":"WebPage","@id":"https:\/\/krabonszcz.com\/index.php\/produkt\/n029-touch-poster\/","url":"https:\/\/krabonszcz.com\/index.php\/produkt\/n029-touch-poster\/","name":"N029 Touch \/ Poster -","isPartOf":{"@id":"https:\/\/krabonszcz.com\/#website"},"primaryImageOfPage":{"@id":"https:\/\/krabonszcz.com\/index.php\/produkt\/n029-touch-poster\/#primaryimage"},"image":{"@id":"https:\/\/krabonszcz.com\/index.php\/produkt\/n029-touch-poster\/#primaryimage"},"thumbnailUrl":"https:\/\/krabonszcz.com\/wp-content\/uploads\/2021\/09\/touch5.jpg","datePublished":"2021-09-28T13:28:32+00:00","dateModified":"2025-05-23T20:33:41+00:00","breadcrumb":{"@id":"https:\/\/krabonszcz.com\/index.php\/produkt\/n029-touch-poster\/#breadcrumb"},"inLanguage":"pl-PL","potentialAction":[{"@type":"ReadAction","target":["https:\/\/krabonszcz.com\/index.php\/produkt\/n029-touch-poster\/"]}]},{"@type":"ImageObject","inLanguage":"pl-PL","@id":"https:\/\/krabonszcz.com\/index.php\/produkt\/n029-touch-poster\/#primaryimage","url":"https:\/\/krabonszcz.com\/wp-content\/uploads\/2021\/09\/touch5.jpg","contentUrl":"https:\/\/krabonszcz.com\/wp-content\/uploads\/2021\/09\/touch5.jpg","width":1417,"height":1417},{"@type":"BreadcrumbList","@id":"https:\/\/krabonszcz.com\/index.php\/produkt\/n029-touch-poster\/#breadcrumb","itemListElement":[{"@type":"ListItem","position":1,"name":"Home","item":"https:\/\/krabonszcz.com\/"},{"@type":"ListItem","position":2,"name":"STORE","item":"https:\/\/krabonszcz.com\/index.php\/store\/"},{"@type":"ListItem","position":3,"name":"N029 Touch \/ Poster"}]},{"@type":"WebSite","@id":"https:\/\/krabonszcz.com\/#website","url":"https:\/\/krabonszcz.com\/","name":"krabonszcz.com - obraz i plakaty do Twojego wn\u0119trza","description":"","publisher":{"@id":"https:\/\/krabonszcz.com\/#\/schema\/person\/6f46b30acd87d871e0288d672d4e4734"},"potentialAction":[{"@type":"SearchAction","target":{"@type":"EntryPoint","urlTemplate":"https:\/\/krabonszcz.com\/?s={search_term_string}"},"query-input":{"@type":"PropertyValueSpecification","valueRequired":true,"valueName":"search_term_string"}}],"inLanguage":"pl-PL"},{"@type":["Person","Organization"],"@id":"https:\/\/krabonszcz.com\/#\/schema\/person\/6f46b30acd87d871e0288d672d4e4734","name":"krabonszcz","image":{"@type":"ImageObject","inLanguage":"pl-PL","@id":"https:\/\/krabonszcz.com\/#\/schema\/person\/image\/","url":"https:\/\/krabonszcz.com\/wp-content\/uploads\/2025\/12\/cropped-Krabonszcz_Logo-2025-czarne-copy-scaled-1.png","contentUrl":"https:\/\/krabonszcz.com\/wp-content\/uploads\/2025\/12\/cropped-Krabonszcz_Logo-2025-czarne-copy-scaled-1.png","width":2559,"height":988,"caption":"krabonszcz"},"logo":{"@id":"https:\/\/krabonszcz.com\/#\/schema\/person\/image\/"}}]}},"_links":{"self":[{"href":"https:\/\/krabonszcz.com\/index.php\/wp-json\/wp\/v2\/product\/2028","targetHints":{"allow":["GET"]}}],"collection":[{"href":"https:\/\/krabonszcz.com\/index.php\/wp-json\/wp\/v2\/product"}],"about":[{"href":"https:\/\/krabonszcz.com\/index.php\/wp-json\/wp\/v2\/types\/product"}],"replies":[{"embeddable":true,"href":"https:\/\/krabonszcz.com\/index.php\/wp-json\/wp\/v2\/comments?post=2028"}],"wp:featuredmedia":[{"embeddable":true,"href":"https:\/\/krabonszcz.com\/index.php\/wp-json\/wp\/v2\/media\/1598"}],"wp:attachment":[{"href":"https:\/\/krabonszcz.com\/index.php\/wp-json\/wp\/v2\/media?parent=2028"}],"wp:term":[{"taxonomy":"product_brand","embeddable":true,"href":"https:\/\/krabonszcz.com\/index.php\/wp-json\/wp\/v2\/product_brand?post=2028"},{"taxonomy":"product_cat","embeddable":true,"href":"https:\/\/krabonszcz.com\/index.php\/wp-json\/wp\/v2\/product_cat?post=2028"},{"taxonomy":"product_tag","embeddable":true,"href":"https:\/\/krabonszcz.com\/index.php\/wp-json\/wp\/v2\/product_tag?post=2028"}],"curies":[{"name":"wp","href":"https:\/\/api.w.org\/{rel}","templated":true}]}}