{"id":3914,"date":"2023-06-14T11:06:38","date_gmt":"2023-06-14T09:06:38","guid":{"rendered":"https:\/\/krabonszcz.com\/?post_type=product&#038;p=3914"},"modified":"2023-09-07T19:24:55","modified_gmt":"2023-09-07T17:24:55","slug":"k01-fade-away-t-shirt","status":"publish","type":"product","link":"https:\/\/krabonszcz.com\/index.php\/produkt\/k01-fade-away-t-shirt\/","title":{"rendered":"K01 FADE AWAY t-shirt"},"content":{"rendered":"","protected":false},"excerpt":{"rendered":"<p><strong>PRE ORDER czas start! Zbieram zam\u00f3wienia od 15.06.2023 do 6.07.2023. <\/strong>Po zako\u0144czeniu zamawiam koszulki i wysy\u0142am do Ciebie.<strong> Gratis nowa wlepa!<br \/>\n<\/strong><strong>INPOST!!! &#8211; <\/strong>je\u015bli chcesz aby paczka zosta\u0142a nadana do paczkomatu inpostu, prosz\u0119 napisz w komentarzu do zam\u00f3wienia nr. paczkomatu \ud83d\ude42<\/p>\n<ul>\n<li><strong>Druk DTF, <span class=\"ILfuVd\" lang=\"pl\"><span class=\"hgKElc\">czyli druk bezpo\u015brednio na folii. To <b>cyfrowa technologia druku polegaj\u0105ca na k\u0142adzeniu farby na specjalnej folii przez g\u0142owic\u0119 drukuj\u0105c\u0105<\/b>. <\/span><\/span><\/strong><\/li>\n<li><strong>Podw\u00f3jne szwy na ramionach<\/strong><\/li>\n<li><strong>Wzmocniony lycr\u0105 \u015bci\u0105gacz<\/strong><\/li>\n<li><strong>Ta\u015bma wzmacniaj\u0105ca<\/strong><\/li>\n<li><strong>Gramatura 190<\/strong><\/li>\n<li><strong>100% bawe\u0142ny<br \/>\n<img fetchpriority=\"high\" decoding=\"async\" class=\"alignnone wp-image-3924 size-full\" src=\"https:\/\/krabonszcz.com\/wp-content\/uploads\/2023\/06\/rozmiarowka-\u2014-kopia.jpg\" alt=\"\" width=\"1104\" height=\"148\" srcset=\"https:\/\/krabonszcz.com\/wp-content\/uploads\/2023\/06\/rozmiarowka-\u2014-kopia.jpg 1104w, https:\/\/krabonszcz.com\/wp-content\/uploads\/2023\/06\/rozmiarowka-\u2014-kopia-300x40.jpg 300w, https:\/\/krabonszcz.com\/wp-content\/uploads\/2023\/06\/rozmiarowka-\u2014-kopia-600x80.jpg 600w, https:\/\/krabonszcz.com\/wp-content\/uploads\/2023\/06\/rozmiarowka-\u2014-kopia-1024x137.jpg 1024w, https:\/\/krabonszcz.com\/wp-content\/uploads\/2023\/06\/rozmiarowka-\u2014-kopia-150x20.jpg 150w, https:\/\/krabonszcz.com\/wp-content\/uploads\/2023\/06\/rozmiarowka-\u2014-kopia-768x103.jpg 768w\" sizes=\"(max-width: 1104px) 100vw, 1104px\" \/><br \/>\n<\/strong><\/li>\n<\/ul>\n","protected":false},"featured_media":4049,"comment_status":"closed","ping_status":"closed","template":"","meta":{"site-sidebar-layout":"default","site-content-layout":"","ast-site-content-layout":"default","site-content-style":"default","site-sidebar-style":"default","ast-global-header-display":"","ast-banner-title-visibility":"","ast-main-header-display":"","ast-hfb-above-header-display":"","ast-hfb-below-header-display":"","ast-hfb-mobile-header-display":"","site-post-title":"","ast-breadcrumbs-content":"","ast-featured-img":"","footer-sml-layout":"","ast-disable-related-posts":"","theme-transparent-header-meta":"","adv-header-id-meta":"","stick-header-meta":"","header-above-stick-meta":"","header-main-stick-meta":"","header-below-stick-meta":"","astra-migrate-meta-layouts":"default","ast-page-background-enabled":"default","ast-page-background-meta":{"desktop":{"background-color":"var(--ast-global-color-5)","background-image":"","background-repeat":"repeat","background-position":"center center","background-size":"auto","background-attachment":"scroll","background-type":"","background-media":"","overlay-type":"","overlay-color":"","overlay-opacity":"","overlay-gradient":""},"tablet":{"background-color":"","background-image":"","background-repeat":"repeat","background-position":"center center","background-size":"auto","background-attachment":"scroll","background-type":"","background-media":"","overlay-type":"","overlay-color":"","overlay-opacity":"","overlay-gradient":""},"mobile":{"background-color":"","background-image":"","background-repeat":"repeat","background-position":"center center","background-size":"auto","background-attachment":"scroll","background-type":"","background-media":"","overlay-type":"","overlay-color":"","overlay-opacity":"","overlay-gradient":""}},"ast-content-background-meta":{"desktop":{"background-color":"var(--ast-global-color-4)","background-image":"","background-repeat":"repeat","background-position":"center center","background-size":"auto","background-attachment":"scroll","background-type":"","background-media":"","overlay-type":"","overlay-color":"","overlay-opacity":"","overlay-gradient":""},"tablet":{"background-color":"var(--ast-global-color-4)","background-image":"","background-repeat":"repeat","background-position":"center center","background-size":"auto","background-attachment":"scroll","background-type":"","background-media":"","overlay-type":"","overlay-color":"","overlay-opacity":"","overlay-gradient":""},"mobile":{"background-color":"var(--ast-global-color-4)","background-image":"","background-repeat":"repeat","background-position":"center center","background-size":"auto","background-attachment":"scroll","background-type":"","background-media":"","overlay-type":"","overlay-color":"","overlay-opacity":"","overlay-gradient":""}},"_glsr_average":0,"_glsr_ranking":0,"_glsr_reviews":0},"product_brand":[],"product_cat":[54],"product_tag":[],"class_list":{"0":"post-3914","1":"product","2":"type-product","3":"status-publish","4":"has-post-thumbnail","6":"product_cat-clothing","7":"desktop-align-center","8":"tablet-align-center","9":"mobile-align-center","11":"first","12":"outofstock","13":"purchasable","14":"product-type-variable"},"yoast_head":"<!-- This site is optimized with the Yoast SEO plugin v26.8 - https:\/\/yoast.com\/product\/yoast-seo-wordpress\/ -->\n<title>K01 FADE AWAY t-shirt -<\/title>\n<meta name=\"robots\" content=\"index, follow, max-snippet:-1, max-image-preview:large, max-video-preview:-1\" \/>\n<link rel=\"canonical\" href=\"https:\/\/krabonszcz.com\/index.php\/produkt\/k01-fade-away-t-shirt\/\" \/>\n<meta property=\"og:locale\" content=\"pl_PL\" \/>\n<meta property=\"og:type\" content=\"article\" \/>\n<meta property=\"og:title\" content=\"K01 FADE AWAY t-shirt -\" \/>\n<meta property=\"og:description\" content=\"PRE ORDER czas start! Zbieram zam\u00f3wienia od 15.06.2023 do 6.07.2023. Po zako\u0144czeniu zamawiam koszulki i wysy\u0142am do Ciebie. Gratis nowa wlepa! INPOST!!! - je\u015bli chcesz aby paczka zosta\u0142a nadana do paczkomatu inpostu, prosz\u0119 napisz w komentarzu do zam\u00f3wienia nr. paczkomatu :)   Druk DTF, czyli druk bezpo\u015brednio na folii. To cyfrowa technologia druku polegaj\u0105ca na k\u0142adzeniu farby na specjalnej folii przez g\u0142owic\u0119 drukuj\u0105c\u0105.   Podw\u00f3jne szwy na ramionach  Wzmocniony lycr\u0105 \u015bci\u0105gacz  Ta\u015bma wzmacniaj\u0105ca  Gramatura 190  100% bawe\u0142ny\" \/>\n<meta property=\"og:url\" content=\"https:\/\/krabonszcz.com\/index.php\/produkt\/k01-fade-away-t-shirt\/\" \/>\n<meta property=\"article:modified_time\" content=\"2023-09-07T17:24:55+00:00\" \/>\n<meta property=\"og:image\" content=\"https:\/\/krabonszcz.com\/wp-content\/uploads\/2023\/06\/k01-s.jpg\" \/>\n\t<meta property=\"og:image:width\" content=\"720\" \/>\n\t<meta property=\"og:image:height\" content=\"1063\" \/>\n\t<meta property=\"og:image:type\" content=\"image\/jpeg\" \/>\n<meta name=\"twitter:card\" content=\"summary_large_image\" \/>\n<script type=\"application\/ld+json\" class=\"yoast-schema-graph\">{\"@context\":\"https:\/\/schema.org\",\"@graph\":[{\"@type\":\"WebPage\",\"@id\":\"https:\/\/krabonszcz.com\/index.php\/produkt\/k01-fade-away-t-shirt\/\",\"url\":\"https:\/\/krabonszcz.com\/index.php\/produkt\/k01-fade-away-t-shirt\/\",\"name\":\"K01 FADE AWAY t-shirt -\",\"isPartOf\":{\"@id\":\"https:\/\/krabonszcz.com\/#website\"},\"primaryImageOfPage\":{\"@id\":\"https:\/\/krabonszcz.com\/index.php\/produkt\/k01-fade-away-t-shirt\/#primaryimage\"},\"image\":{\"@id\":\"https:\/\/krabonszcz.com\/index.php\/produkt\/k01-fade-away-t-shirt\/#primaryimage\"},\"thumbnailUrl\":\"https:\/\/krabonszcz.com\/wp-content\/uploads\/2023\/06\/k01-s.jpg\",\"datePublished\":\"2023-06-14T09:06:38+00:00\",\"dateModified\":\"2023-09-07T17:24:55+00:00\",\"breadcrumb\":{\"@id\":\"https:\/\/krabonszcz.com\/index.php\/produkt\/k01-fade-away-t-shirt\/#breadcrumb\"},\"inLanguage\":\"pl-PL\",\"potentialAction\":[{\"@type\":\"ReadAction\",\"target\":[\"https:\/\/krabonszcz.com\/index.php\/produkt\/k01-fade-away-t-shirt\/\"]}]},{\"@type\":\"ImageObject\",\"inLanguage\":\"pl-PL\",\"@id\":\"https:\/\/krabonszcz.com\/index.php\/produkt\/k01-fade-away-t-shirt\/#primaryimage\",\"url\":\"https:\/\/krabonszcz.com\/wp-content\/uploads\/2023\/06\/k01-s.jpg\",\"contentUrl\":\"https:\/\/krabonszcz.com\/wp-content\/uploads\/2023\/06\/k01-s.jpg\",\"width\":720,\"height\":1063},{\"@type\":\"BreadcrumbList\",\"@id\":\"https:\/\/krabonszcz.com\/index.php\/produkt\/k01-fade-away-t-shirt\/#breadcrumb\",\"itemListElement\":[{\"@type\":\"ListItem\",\"position\":1,\"name\":\"Home\",\"item\":\"https:\/\/krabonszcz.com\/\"},{\"@type\":\"ListItem\",\"position\":2,\"name\":\"STORE\",\"item\":\"https:\/\/krabonszcz.com\/index.php\/store\/\"},{\"@type\":\"ListItem\",\"position\":3,\"name\":\"K01 FADE AWAY t-shirt\"}]},{\"@type\":\"WebSite\",\"@id\":\"https:\/\/krabonszcz.com\/#website\",\"url\":\"https:\/\/krabonszcz.com\/\",\"name\":\"krabonszcz.com - obraz i plakaty do Twojego wn\u0119trza\",\"description\":\"\",\"publisher\":{\"@id\":\"https:\/\/krabonszcz.com\/#\/schema\/person\/6f46b30acd87d871e0288d672d4e4734\"},\"potentialAction\":[{\"@type\":\"SearchAction\",\"target\":{\"@type\":\"EntryPoint\",\"urlTemplate\":\"https:\/\/krabonszcz.com\/?s={search_term_string}\"},\"query-input\":{\"@type\":\"PropertyValueSpecification\",\"valueRequired\":true,\"valueName\":\"search_term_string\"}}],\"inLanguage\":\"pl-PL\"},{\"@type\":[\"Person\",\"Organization\"],\"@id\":\"https:\/\/krabonszcz.com\/#\/schema\/person\/6f46b30acd87d871e0288d672d4e4734\",\"name\":\"krabonszcz\",\"image\":{\"@type\":\"ImageObject\",\"inLanguage\":\"pl-PL\",\"@id\":\"https:\/\/krabonszcz.com\/#\/schema\/person\/image\/\",\"url\":\"https:\/\/krabonszcz.com\/wp-content\/uploads\/2025\/12\/cropped-Krabonszcz_Logo-2025-czarne-copy-scaled-1.png\",\"contentUrl\":\"https:\/\/krabonszcz.com\/wp-content\/uploads\/2025\/12\/cropped-Krabonszcz_Logo-2025-czarne-copy-scaled-1.png\",\"width\":2559,\"height\":988,\"caption\":\"krabonszcz\"},\"logo\":{\"@id\":\"https:\/\/krabonszcz.com\/#\/schema\/person\/image\/\"}}]}<\/script>\n<!-- \/ Yoast SEO plugin. -->","yoast_head_json":{"title":"K01 FADE AWAY t-shirt -","robots":{"index":"index","follow":"follow","max-snippet":"max-snippet:-1","max-image-preview":"max-image-preview:large","max-video-preview":"max-video-preview:-1"},"canonical":"https:\/\/krabonszcz.com\/index.php\/produkt\/k01-fade-away-t-shirt\/","og_locale":"pl_PL","og_type":"article","og_title":"K01 FADE AWAY t-shirt -","og_description":"PRE ORDER czas start! Zbieram zam\u00f3wienia od 15.06.2023 do 6.07.2023. Po zako\u0144czeniu zamawiam koszulki i wysy\u0142am do Ciebie. Gratis nowa wlepa! INPOST!!! - je\u015bli chcesz aby paczka zosta\u0142a nadana do paczkomatu inpostu, prosz\u0119 napisz w komentarzu do zam\u00f3wienia nr. paczkomatu :)   Druk DTF, czyli druk bezpo\u015brednio na folii. To cyfrowa technologia druku polegaj\u0105ca na k\u0142adzeniu farby na specjalnej folii przez g\u0142owic\u0119 drukuj\u0105c\u0105.   Podw\u00f3jne szwy na ramionach  Wzmocniony lycr\u0105 \u015bci\u0105gacz  Ta\u015bma wzmacniaj\u0105ca  Gramatura 190  100% bawe\u0142ny","og_url":"https:\/\/krabonszcz.com\/index.php\/produkt\/k01-fade-away-t-shirt\/","article_modified_time":"2023-09-07T17:24:55+00:00","og_image":[{"width":720,"height":1063,"url":"https:\/\/krabonszcz.com\/wp-content\/uploads\/2023\/06\/k01-s.jpg","type":"image\/jpeg"}],"twitter_card":"summary_large_image","schema":{"@context":"https:\/\/schema.org","@graph":[{"@type":"WebPage","@id":"https:\/\/krabonszcz.com\/index.php\/produkt\/k01-fade-away-t-shirt\/","url":"https:\/\/krabonszcz.com\/index.php\/produkt\/k01-fade-away-t-shirt\/","name":"K01 FADE AWAY t-shirt -","isPartOf":{"@id":"https:\/\/krabonszcz.com\/#website"},"primaryImageOfPage":{"@id":"https:\/\/krabonszcz.com\/index.php\/produkt\/k01-fade-away-t-shirt\/#primaryimage"},"image":{"@id":"https:\/\/krabonszcz.com\/index.php\/produkt\/k01-fade-away-t-shirt\/#primaryimage"},"thumbnailUrl":"https:\/\/krabonszcz.com\/wp-content\/uploads\/2023\/06\/k01-s.jpg","datePublished":"2023-06-14T09:06:38+00:00","dateModified":"2023-09-07T17:24:55+00:00","breadcrumb":{"@id":"https:\/\/krabonszcz.com\/index.php\/produkt\/k01-fade-away-t-shirt\/#breadcrumb"},"inLanguage":"pl-PL","potentialAction":[{"@type":"ReadAction","target":["https:\/\/krabonszcz.com\/index.php\/produkt\/k01-fade-away-t-shirt\/"]}]},{"@type":"ImageObject","inLanguage":"pl-PL","@id":"https:\/\/krabonszcz.com\/index.php\/produkt\/k01-fade-away-t-shirt\/#primaryimage","url":"https:\/\/krabonszcz.com\/wp-content\/uploads\/2023\/06\/k01-s.jpg","contentUrl":"https:\/\/krabonszcz.com\/wp-content\/uploads\/2023\/06\/k01-s.jpg","width":720,"height":1063},{"@type":"BreadcrumbList","@id":"https:\/\/krabonszcz.com\/index.php\/produkt\/k01-fade-away-t-shirt\/#breadcrumb","itemListElement":[{"@type":"ListItem","position":1,"name":"Home","item":"https:\/\/krabonszcz.com\/"},{"@type":"ListItem","position":2,"name":"STORE","item":"https:\/\/krabonszcz.com\/index.php\/store\/"},{"@type":"ListItem","position":3,"name":"K01 FADE AWAY t-shirt"}]},{"@type":"WebSite","@id":"https:\/\/krabonszcz.com\/#website","url":"https:\/\/krabonszcz.com\/","name":"krabonszcz.com - obraz i plakaty do Twojego wn\u0119trza","description":"","publisher":{"@id":"https:\/\/krabonszcz.com\/#\/schema\/person\/6f46b30acd87d871e0288d672d4e4734"},"potentialAction":[{"@type":"SearchAction","target":{"@type":"EntryPoint","urlTemplate":"https:\/\/krabonszcz.com\/?s={search_term_string}"},"query-input":{"@type":"PropertyValueSpecification","valueRequired":true,"valueName":"search_term_string"}}],"inLanguage":"pl-PL"},{"@type":["Person","Organization"],"@id":"https:\/\/krabonszcz.com\/#\/schema\/person\/6f46b30acd87d871e0288d672d4e4734","name":"krabonszcz","image":{"@type":"ImageObject","inLanguage":"pl-PL","@id":"https:\/\/krabonszcz.com\/#\/schema\/person\/image\/","url":"https:\/\/krabonszcz.com\/wp-content\/uploads\/2025\/12\/cropped-Krabonszcz_Logo-2025-czarne-copy-scaled-1.png","contentUrl":"https:\/\/krabonszcz.com\/wp-content\/uploads\/2025\/12\/cropped-Krabonszcz_Logo-2025-czarne-copy-scaled-1.png","width":2559,"height":988,"caption":"krabonszcz"},"logo":{"@id":"https:\/\/krabonszcz.com\/#\/schema\/person\/image\/"}}]}},"_links":{"self":[{"href":"https:\/\/krabonszcz.com\/index.php\/wp-json\/wp\/v2\/product\/3914","targetHints":{"allow":["GET"]}}],"collection":[{"href":"https:\/\/krabonszcz.com\/index.php\/wp-json\/wp\/v2\/product"}],"about":[{"href":"https:\/\/krabonszcz.com\/index.php\/wp-json\/wp\/v2\/types\/product"}],"replies":[{"embeddable":true,"href":"https:\/\/krabonszcz.com\/index.php\/wp-json\/wp\/v2\/comments?post=3914"}],"wp:featuredmedia":[{"embeddable":true,"href":"https:\/\/krabonszcz.com\/index.php\/wp-json\/wp\/v2\/media\/4049"}],"wp:attachment":[{"href":"https:\/\/krabonszcz.com\/index.php\/wp-json\/wp\/v2\/media?parent=3914"}],"wp:term":[{"taxonomy":"product_brand","embeddable":true,"href":"https:\/\/krabonszcz.com\/index.php\/wp-json\/wp\/v2\/product_brand?post=3914"},{"taxonomy":"product_cat","embeddable":true,"href":"https:\/\/krabonszcz.com\/index.php\/wp-json\/wp\/v2\/product_cat?post=3914"},{"taxonomy":"product_tag","embeddable":true,"href":"https:\/\/krabonszcz.com\/index.php\/wp-json\/wp\/v2\/product_tag?post=3914"}],"curies":[{"name":"wp","href":"https:\/\/api.w.org\/{rel}","templated":true}]}}