{"id":4658,"date":"2024-09-05T14:11:57","date_gmt":"2024-09-05T12:11:57","guid":{"rendered":"https:\/\/krabonszcz.com\/?post_type=product&#038;p=4658"},"modified":"2026-03-20T08:34:37","modified_gmt":"2026-03-20T07:34:37","slug":"p044-i-saw-the-sun","status":"publish","type":"product","link":"https:\/\/krabonszcz.com\/index.php\/produkt\/p044-i-saw-the-sun\/","title":{"rendered":"P044 &#8222;I saw the sun&#8221;"},"content":{"rendered":"","protected":false},"excerpt":{"rendered":"<p>Obraz malowany <strong>farbami akrylowymi<\/strong> na p\u0142\u00f3tnie bawe\u0142nianym <strong>300g\/m2<\/strong>, rozmiar <strong>60x60cm<\/strong>. Naci\u0105gni\u0119ty na blejtram\u0119 i <strong>gotowy do powieszenia<\/strong>. <strong>Boki zamalowane na czarno<\/strong> dla lepszego prezentowania si\u0119 na \u015bcianie. <strong>Zawerniksowany<\/strong>. Wystawiam <strong>certyfikat autentyczno\u015bci<\/strong>. Obraz zabezpieczony jest do wysy\u0142ki <strong>p\u0142ytami HDF<\/strong> z dw\u00f3ch stron, przez co nie straszna mu podr\u00f3\u017c. \ud83d\ude42<\/p>\n<p><strong>Acrylic on 300g\/m2 cotton canvas<\/strong>, <strong>60x60cm<\/strong>. Wrapped on a <strong>pine stretcher<\/strong>. <strong>Varnished<\/strong>, <strong>ready to hang<\/strong>. Sides painted black. <strong>Certificate of authenticity<\/strong> included. Painting is protected for shipping with <strong>HDF boards<\/strong> from both sides.<\/p>\n","protected":false},"featured_media":4659,"comment_status":"closed","ping_status":"closed","template":"","meta":{"site-sidebar-layout":"default","site-content-layout":"","ast-site-content-layout":"default","site-content-style":"default","site-sidebar-style":"default","ast-global-header-display":"","ast-banner-title-visibility":"","ast-main-header-display":"","ast-hfb-above-header-display":"","ast-hfb-below-header-display":"","ast-hfb-mobile-header-display":"","site-post-title":"","ast-breadcrumbs-content":"","ast-featured-img":"","footer-sml-layout":"","ast-disable-related-posts":"","theme-transparent-header-meta":"","adv-header-id-meta":"","stick-header-meta":"","header-above-stick-meta":"","header-main-stick-meta":"","header-below-stick-meta":"","astra-migrate-meta-layouts":"default","ast-page-background-enabled":"default","ast-page-background-meta":{"desktop":{"background-color":"var(--ast-global-color-5)","background-image":"","background-repeat":"repeat","background-position":"center center","background-size":"auto","background-attachment":"scroll","background-type":"","background-media":"","overlay-type":"","overlay-color":"","overlay-opacity":"","overlay-gradient":""},"tablet":{"background-color":"","background-image":"","background-repeat":"repeat","background-position":"center center","background-size":"auto","background-attachment":"scroll","background-type":"","background-media":"","overlay-type":"","overlay-color":"","overlay-opacity":"","overlay-gradient":""},"mobile":{"background-color":"","background-image":"","background-repeat":"repeat","background-position":"center center","background-size":"auto","background-attachment":"scroll","background-type":"","background-media":"","overlay-type":"","overlay-color":"","overlay-opacity":"","overlay-gradient":""}},"ast-content-background-meta":{"desktop":{"background-color":"var(--ast-global-color-4)","background-image":"","background-repeat":"repeat","background-position":"center center","background-size":"auto","background-attachment":"scroll","background-type":"","background-media":"","overlay-type":"","overlay-color":"","overlay-opacity":"","overlay-gradient":""},"tablet":{"background-color":"var(--ast-global-color-4)","background-image":"","background-repeat":"repeat","background-position":"center center","background-size":"auto","background-attachment":"scroll","background-type":"","background-media":"","overlay-type":"","overlay-color":"","overlay-opacity":"","overlay-gradient":""},"mobile":{"background-color":"var(--ast-global-color-4)","background-image":"","background-repeat":"repeat","background-position":"center center","background-size":"auto","background-attachment":"scroll","background-type":"","background-media":"","overlay-type":"","overlay-color":"","overlay-opacity":"","overlay-gradient":""}},"_glsr_average":0,"_glsr_ranking":0,"_glsr_reviews":0},"product_brand":[],"product_cat":[49],"product_tag":[],"class_list":{"0":"post-4658","1":"product","2":"type-product","3":"status-publish","4":"has-post-thumbnail","6":"product_cat-paintings","7":"desktop-align-center","8":"tablet-align-center","9":"mobile-align-center","11":"first","12":"outofstock","13":"purchasable","14":"product-type-simple"},"yoast_head":"<!-- This site is optimized with the Yoast SEO plugin v26.8 - https:\/\/yoast.com\/product\/yoast-seo-wordpress\/ -->\n<title>P044 &quot;I saw the sun&quot; -<\/title>\n<meta name=\"robots\" content=\"index, follow, max-snippet:-1, max-image-preview:large, max-video-preview:-1\" \/>\n<link rel=\"canonical\" href=\"https:\/\/krabonszcz.com\/index.php\/produkt\/p044-i-saw-the-sun\/\" \/>\n<meta property=\"og:locale\" content=\"pl_PL\" \/>\n<meta property=\"og:type\" content=\"article\" \/>\n<meta property=\"og:title\" content=\"P044 &quot;I saw the sun&quot; -\" \/>\n<meta property=\"og:description\" content=\"Obraz malowany farbami akrylowymi na p\u0142\u00f3tnie bawe\u0142nianym 300g\/m2, rozmiar 60x60cm. Naci\u0105gni\u0119ty na blejtram\u0119 i gotowy do powieszenia. Boki zamalowane na czarno dla lepszego prezentowania si\u0119 na \u015bcianie. Zawerniksowany. Wystawiam certyfikat autentyczno\u015bci. Obraz zabezpieczony jest do wysy\u0142ki p\u0142ytami HDF z dw\u00f3ch stron, przez co nie straszna mu podr\u00f3\u017c. :)  Acrylic on 300g\/m2 cotton canvas, 60x60cm. Wrapped on a pine stretcher. Varnished, ready to hang. Sides painted black. Certificate of authenticity included. Painting is protected for shipping with HDF boards from both sides.\" \/>\n<meta property=\"og:url\" content=\"https:\/\/krabonszcz.com\/index.php\/produkt\/p044-i-saw-the-sun\/\" \/>\n<meta property=\"article:modified_time\" content=\"2026-03-20T07:34:37+00:00\" \/>\n<meta property=\"og:image\" content=\"http:\/\/krabonszcz.com\/wp-content\/uploads\/2024\/09\/P044-wybrane-zoom-1022x1024.jpg\" \/>\n\t<meta property=\"og:image:width\" content=\"1022\" \/>\n\t<meta property=\"og:image:height\" content=\"1024\" \/>\n\t<meta property=\"og:image:type\" content=\"image\/jpeg\" \/>\n<meta name=\"twitter:card\" content=\"summary_large_image\" \/>\n<script type=\"application\/ld+json\" class=\"yoast-schema-graph\">{\"@context\":\"https:\/\/schema.org\",\"@graph\":[{\"@type\":\"WebPage\",\"@id\":\"https:\/\/krabonszcz.com\/index.php\/produkt\/p044-i-saw-the-sun\/\",\"url\":\"https:\/\/krabonszcz.com\/index.php\/produkt\/p044-i-saw-the-sun\/\",\"name\":\"P044 \\\"I saw the sun\\\" -\",\"isPartOf\":{\"@id\":\"https:\/\/krabonszcz.com\/#website\"},\"primaryImageOfPage\":{\"@id\":\"https:\/\/krabonszcz.com\/index.php\/produkt\/p044-i-saw-the-sun\/#primaryimage\"},\"image\":{\"@id\":\"https:\/\/krabonszcz.com\/index.php\/produkt\/p044-i-saw-the-sun\/#primaryimage\"},\"thumbnailUrl\":\"https:\/\/krabonszcz.com\/wp-content\/uploads\/2024\/09\/P044-wybrane-zoom.jpg\",\"datePublished\":\"2024-09-05T12:11:57+00:00\",\"dateModified\":\"2026-03-20T07:34:37+00:00\",\"breadcrumb\":{\"@id\":\"https:\/\/krabonszcz.com\/index.php\/produkt\/p044-i-saw-the-sun\/#breadcrumb\"},\"inLanguage\":\"pl-PL\",\"potentialAction\":[{\"@type\":\"ReadAction\",\"target\":[\"https:\/\/krabonszcz.com\/index.php\/produkt\/p044-i-saw-the-sun\/\"]}]},{\"@type\":\"ImageObject\",\"inLanguage\":\"pl-PL\",\"@id\":\"https:\/\/krabonszcz.com\/index.php\/produkt\/p044-i-saw-the-sun\/#primaryimage\",\"url\":\"https:\/\/krabonszcz.com\/wp-content\/uploads\/2024\/09\/P044-wybrane-zoom.jpg\",\"contentUrl\":\"https:\/\/krabonszcz.com\/wp-content\/uploads\/2024\/09\/P044-wybrane-zoom.jpg\",\"width\":1651,\"height\":1654},{\"@type\":\"BreadcrumbList\",\"@id\":\"https:\/\/krabonszcz.com\/index.php\/produkt\/p044-i-saw-the-sun\/#breadcrumb\",\"itemListElement\":[{\"@type\":\"ListItem\",\"position\":1,\"name\":\"Home\",\"item\":\"https:\/\/krabonszcz.com\/\"},{\"@type\":\"ListItem\",\"position\":2,\"name\":\"STORE\",\"item\":\"https:\/\/krabonszcz.com\/index.php\/store\/\"},{\"@type\":\"ListItem\",\"position\":3,\"name\":\"P044 &#8220;I saw the sun&#8221;\"}]},{\"@type\":\"WebSite\",\"@id\":\"https:\/\/krabonszcz.com\/#website\",\"url\":\"https:\/\/krabonszcz.com\/\",\"name\":\"krabonszcz.com - obraz i plakaty do Twojego wn\u0119trza\",\"description\":\"\",\"publisher\":{\"@id\":\"https:\/\/krabonszcz.com\/#\/schema\/person\/6f46b30acd87d871e0288d672d4e4734\"},\"potentialAction\":[{\"@type\":\"SearchAction\",\"target\":{\"@type\":\"EntryPoint\",\"urlTemplate\":\"https:\/\/krabonszcz.com\/?s={search_term_string}\"},\"query-input\":{\"@type\":\"PropertyValueSpecification\",\"valueRequired\":true,\"valueName\":\"search_term_string\"}}],\"inLanguage\":\"pl-PL\"},{\"@type\":[\"Person\",\"Organization\"],\"@id\":\"https:\/\/krabonszcz.com\/#\/schema\/person\/6f46b30acd87d871e0288d672d4e4734\",\"name\":\"krabonszcz\",\"image\":{\"@type\":\"ImageObject\",\"inLanguage\":\"pl-PL\",\"@id\":\"https:\/\/krabonszcz.com\/#\/schema\/person\/image\/\",\"url\":\"https:\/\/krabonszcz.com\/wp-content\/uploads\/2025\/12\/cropped-Krabonszcz_Logo-2025-czarne-copy-scaled-1.png\",\"contentUrl\":\"https:\/\/krabonszcz.com\/wp-content\/uploads\/2025\/12\/cropped-Krabonszcz_Logo-2025-czarne-copy-scaled-1.png\",\"width\":2559,\"height\":988,\"caption\":\"krabonszcz\"},\"logo\":{\"@id\":\"https:\/\/krabonszcz.com\/#\/schema\/person\/image\/\"}}]}<\/script>\n<!-- \/ Yoast SEO plugin. -->","yoast_head_json":{"title":"P044 \"I saw the sun\" -","robots":{"index":"index","follow":"follow","max-snippet":"max-snippet:-1","max-image-preview":"max-image-preview:large","max-video-preview":"max-video-preview:-1"},"canonical":"https:\/\/krabonszcz.com\/index.php\/produkt\/p044-i-saw-the-sun\/","og_locale":"pl_PL","og_type":"article","og_title":"P044 \"I saw the sun\" -","og_description":"Obraz malowany farbami akrylowymi na p\u0142\u00f3tnie bawe\u0142nianym 300g\/m2, rozmiar 60x60cm. Naci\u0105gni\u0119ty na blejtram\u0119 i gotowy do powieszenia. Boki zamalowane na czarno dla lepszego prezentowania si\u0119 na \u015bcianie. Zawerniksowany. Wystawiam certyfikat autentyczno\u015bci. Obraz zabezpieczony jest do wysy\u0142ki p\u0142ytami HDF z dw\u00f3ch stron, przez co nie straszna mu podr\u00f3\u017c. :)  Acrylic on 300g\/m2 cotton canvas, 60x60cm. Wrapped on a pine stretcher. Varnished, ready to hang. Sides painted black. Certificate of authenticity included. Painting is protected for shipping with HDF boards from both sides.","og_url":"https:\/\/krabonszcz.com\/index.php\/produkt\/p044-i-saw-the-sun\/","article_modified_time":"2026-03-20T07:34:37+00:00","og_image":[{"width":1022,"height":1024,"url":"http:\/\/krabonszcz.com\/wp-content\/uploads\/2024\/09\/P044-wybrane-zoom-1022x1024.jpg","type":"image\/jpeg"}],"twitter_card":"summary_large_image","schema":{"@context":"https:\/\/schema.org","@graph":[{"@type":"WebPage","@id":"https:\/\/krabonszcz.com\/index.php\/produkt\/p044-i-saw-the-sun\/","url":"https:\/\/krabonszcz.com\/index.php\/produkt\/p044-i-saw-the-sun\/","name":"P044 \"I saw the sun\" -","isPartOf":{"@id":"https:\/\/krabonszcz.com\/#website"},"primaryImageOfPage":{"@id":"https:\/\/krabonszcz.com\/index.php\/produkt\/p044-i-saw-the-sun\/#primaryimage"},"image":{"@id":"https:\/\/krabonszcz.com\/index.php\/produkt\/p044-i-saw-the-sun\/#primaryimage"},"thumbnailUrl":"https:\/\/krabonszcz.com\/wp-content\/uploads\/2024\/09\/P044-wybrane-zoom.jpg","datePublished":"2024-09-05T12:11:57+00:00","dateModified":"2026-03-20T07:34:37+00:00","breadcrumb":{"@id":"https:\/\/krabonszcz.com\/index.php\/produkt\/p044-i-saw-the-sun\/#breadcrumb"},"inLanguage":"pl-PL","potentialAction":[{"@type":"ReadAction","target":["https:\/\/krabonszcz.com\/index.php\/produkt\/p044-i-saw-the-sun\/"]}]},{"@type":"ImageObject","inLanguage":"pl-PL","@id":"https:\/\/krabonszcz.com\/index.php\/produkt\/p044-i-saw-the-sun\/#primaryimage","url":"https:\/\/krabonszcz.com\/wp-content\/uploads\/2024\/09\/P044-wybrane-zoom.jpg","contentUrl":"https:\/\/krabonszcz.com\/wp-content\/uploads\/2024\/09\/P044-wybrane-zoom.jpg","width":1651,"height":1654},{"@type":"BreadcrumbList","@id":"https:\/\/krabonszcz.com\/index.php\/produkt\/p044-i-saw-the-sun\/#breadcrumb","itemListElement":[{"@type":"ListItem","position":1,"name":"Home","item":"https:\/\/krabonszcz.com\/"},{"@type":"ListItem","position":2,"name":"STORE","item":"https:\/\/krabonszcz.com\/index.php\/store\/"},{"@type":"ListItem","position":3,"name":"P044 &#8220;I saw the sun&#8221;"}]},{"@type":"WebSite","@id":"https:\/\/krabonszcz.com\/#website","url":"https:\/\/krabonszcz.com\/","name":"krabonszcz.com - obraz i plakaty do Twojego wn\u0119trza","description":"","publisher":{"@id":"https:\/\/krabonszcz.com\/#\/schema\/person\/6f46b30acd87d871e0288d672d4e4734"},"potentialAction":[{"@type":"SearchAction","target":{"@type":"EntryPoint","urlTemplate":"https:\/\/krabonszcz.com\/?s={search_term_string}"},"query-input":{"@type":"PropertyValueSpecification","valueRequired":true,"valueName":"search_term_string"}}],"inLanguage":"pl-PL"},{"@type":["Person","Organization"],"@id":"https:\/\/krabonszcz.com\/#\/schema\/person\/6f46b30acd87d871e0288d672d4e4734","name":"krabonszcz","image":{"@type":"ImageObject","inLanguage":"pl-PL","@id":"https:\/\/krabonszcz.com\/#\/schema\/person\/image\/","url":"https:\/\/krabonszcz.com\/wp-content\/uploads\/2025\/12\/cropped-Krabonszcz_Logo-2025-czarne-copy-scaled-1.png","contentUrl":"https:\/\/krabonszcz.com\/wp-content\/uploads\/2025\/12\/cropped-Krabonszcz_Logo-2025-czarne-copy-scaled-1.png","width":2559,"height":988,"caption":"krabonszcz"},"logo":{"@id":"https:\/\/krabonszcz.com\/#\/schema\/person\/image\/"}}]}},"_links":{"self":[{"href":"https:\/\/krabonszcz.com\/index.php\/wp-json\/wp\/v2\/product\/4658","targetHints":{"allow":["GET"]}}],"collection":[{"href":"https:\/\/krabonszcz.com\/index.php\/wp-json\/wp\/v2\/product"}],"about":[{"href":"https:\/\/krabonszcz.com\/index.php\/wp-json\/wp\/v2\/types\/product"}],"replies":[{"embeddable":true,"href":"https:\/\/krabonszcz.com\/index.php\/wp-json\/wp\/v2\/comments?post=4658"}],"wp:featuredmedia":[{"embeddable":true,"href":"https:\/\/krabonszcz.com\/index.php\/wp-json\/wp\/v2\/media\/4659"}],"wp:attachment":[{"href":"https:\/\/krabonszcz.com\/index.php\/wp-json\/wp\/v2\/media?parent=4658"}],"wp:term":[{"taxonomy":"product_brand","embeddable":true,"href":"https:\/\/krabonszcz.com\/index.php\/wp-json\/wp\/v2\/product_brand?post=4658"},{"taxonomy":"product_cat","embeddable":true,"href":"https:\/\/krabonszcz.com\/index.php\/wp-json\/wp\/v2\/product_cat?post=4658"},{"taxonomy":"product_tag","embeddable":true,"href":"https:\/\/krabonszcz.com\/index.php\/wp-json\/wp\/v2\/product_tag?post=4658"}],"curies":[{"name":"wp","href":"https:\/\/api.w.org\/{rel}","templated":true}]}}